Suppose 0 = 4*y + 3*i - 45, -y - 9 = -z*i - 25. Calculate the highest common divisor of y and f.
12
Suppose 0 = 2*x - 8 - 2. Suppose -x*s = -6*s + 36. Suppose 5*o + 3*f = 45, 4*o - 2*f - s = -0*f. What is the highest common factor of o and 27?
9
Let t be (1 - 0)/(5/15). Suppose -36 = -t*h + 39. What is the greatest common factor of h and 10?
5
Suppose 4*j = 33 + 11. What is the highest common divisor of 44 and j?
11
Suppose 0 = -2*d + 45 - 1. Calculate the greatest common divisor of d and 11.
11
Suppose -3*x + 60 = -x. Calculate the highest common factor of 12 and x.
6
Suppose 6*x = -0*x + 222. What is the greatest common factor of x and 296?
37
Suppose l = -3*i + 8, -5*i = -0*i + l - 16. Let j be 2*1 + 48/i. Calculate the highest common divisor of j and 35.
7
Suppose 2*f - 7 - 21 = 0. Calculate the highest common divisor of f and 14.
14
Suppose 0*x + 16 = 2*x - 4*a, 3*a = x - 9. Calculate the highest common factor of x and 24.
6
Let q = 116 + -39. Suppose 0 = 2*h - 5*h + 21. Calculate the greatest common factor of h and q.
7
Let h = 22 + -2. What is the highest common divisor of 4 and h?
4
Let z be (-110 - 2)*1/(-1). What is the highest common divisor of 16 and z?
16
Let t(f) = 4*f**2 + 3*f + 1. Suppose -5*a = -5*u - 15, -2*u + 4*a = 10 - 2. Let b be t(u). Calculate the highest common divisor of b and 99.
11
Suppose 4*a = -n + 51, 1 = -n + 4*a + 60. Calculate the highest common factor of n and 5.
5
Let a = -191 + 227. Calculate the highest common divisor of a and 96.
12
Let m = 1 - -19. Let s be (6/2 - 4)*1. Let v(g) = 140*g**2 + g + 1. Let h be v(s). What is the greatest common factor of m and h?
20
Let q = 94 + -81. What is the greatest common divisor of 65 and q?
13
Let w be (2 + 13)*48/(-5). Let o be w/6*(-4)/6. Calculate the highest common factor of 48 and o.
16
Suppose -451 = -5*q - 51. Suppose 3*b - 4*b = -32. What is the highest common divisor of b and q?
16
Let s = 54 - 38. Suppose -3*t + 2 = -4*t, 2*y - s = 4*t. Suppose d = -y*d + 60. What is the greatest common factor of d and 3?
3
Let i(h) = h**2 + h. Let q = -1 - -2. Let f be (-5 - 0) + (3 - q). Let z be i(f). What is the greatest common divisor of 15 and z?
3
Let o = 24 + -14. What is the highest common factor of 40 and o?
10
Let q be (-654)/(-10) - (-2)/(-5). Let w(n) = 7*n**2 - n - 4. Let o be w(-2). What is the highest common factor of o and q?
13
Let b = -44 - -47. Calculate the highest common factor of b and 12.
3
Let b = -79 + 133. Let j(y) = 13*y - 21. Let p be j(12). Calculate the highest common divisor of p and b.
27
Suppose b = 4*z - 86, b + 44 = -0*z + 2*z. Calculate the greatest common divisor of z and 7.
7
Let s(n) = -n**2 - 4. Let h be s(-5). Let y be 1/(-2)*(3 + -65). Let o = y - h. What is the highest common divisor of 12 and o?
12
Suppose -39 - 13 = -4*q. Calculate the greatest common factor of q and 104.
13
Let p be 1/(-3) - 60/(-18). Suppose 0 = -3*x - w + 249 - 47, -p*x - 4*w = -196. What is the highest common divisor of x and 17?
17
Suppose 2*u - 150 = -3*u. Suppose 0 = -0*w + 5*w - 60. Calculate the greatest common factor of u and w.
6
Suppose -9*w - w + 20 = 0. Calculate the greatest common factor of 5 and w.
1
Let t = 51 - 41. Calculate the greatest common divisor of 130 and t.
10
Let q be 3/(-12) - 34/(-8). Suppose -v - 1335 = -q*v. Suppose 2*y - 186 = -2*s - 16, y - v = -5*s. What is the highest common divisor of s and 36?
18
Let p(v) = v**2 + 4*v - 6. Let a be p(-6). Suppose -2*x = 2*y - 66, -y - 4*x = -a*x - 24. What is the greatest common factor of 12 and y?
6
Suppose -8 = -h - 3*q, -7*q - 20 = -2*q. Let x be ((-11)/4)/((-2)/8). Let w be x/3 - 3/(-9). What is the highest common divisor of h and w?
4
Let w be (-54)/(-4)*(-1 - -3). Let r(b) = 2*b**3 - 8*b**2 + 5*b - 2. Let i be r(4). What is the greatest common divisor of w and i?
9
Suppose 0 = -v + 1 + 1. Let d be v/(-4)*(1 + -19). Let u(o) = 4*o - 12. Let k be u(d). Calculate the greatest common factor of 8 and k.
8
Let f(t) = -t**3 - 4*t**2 + 7*t - 2. Let w be f(-6). Let b be ((-15)/(-2) - 4)*2. What is the highest common divisor of b and w?
7
Let s(a) = a**2 - a. Let v(g) = 5*g**2 - 9*g - 5. Let b(h) = -2*s(h) + v(h). Let y be b(9). Calculate the greatest common factor of 25 and y.
25
Let n(r) = 2*r - 9. Let t be n(6). Let m = 8 - t. Calculate the highest common factor of m and 45.
5
Suppose -96 = -10*n + 4*n. Calculate the greatest common factor of n and 8.
8
Suppose -i + 39 = 4*t, 114 = 2*i - 3*t - t. Calculate the greatest common factor of 34 and i.
17
Suppose 0 = -2*d + 2*v - 8, -v - 2 + 6 = 2*d. Suppose d*g = -g + 28. Calculate the highest common divisor of 7 and g.
7
Suppose 3*s - 2*m = 17, 0*m = 4*s + m - 8. Calculate the highest common divisor of 21 and s.
3
Suppose 5*b = -5*u + 25, b + 3*u - 8 = 5*b. Suppose 5*d = 190 + 5. Let j = b + d. Calculate the highest common divisor of 8 and j.
8
Suppose -5*s - 80 = -9*s. Calculate the highest common divisor of 50 and s.
10
Suppose 4*b + 0*l = 4*l + 36, 5*l + 20 = 0. Suppose b*v - 38 = -2*m, 2*m - 9 = -v + 3*m. What is the greatest common factor of 72 and v?
8
Let u be (7/(-4))/(2/(-8)). Calculate the greatest common factor of 7 and u.
7
Let u = 20 - -2. Suppose 2*c + u - 62 = 0. Suppose -q - q = -c. Calculate the highest common factor of q and 110.
10
Let s be -30*(27/15)/(-3). What is the greatest common divisor of 18 and s?
18
Let i be (-12)/(-8)*52/6. Let d be -1 + 1/((-1)/(-18)). Suppose -f = -2*q - 96, 3 + d = 5*q. Calculate the highest common factor of i and f.
13
Let g be (-3)/6 + 326/4. Suppose v + v - g = -q, 1 = q. Calculate the highest common factor of 10 and v.
10
Suppose 4*d + t - 1 - 9 = 0, 4 = 2*t. Let o(x) = 3 + 8*x - 1 + 0. Let z be o(d). Calculate the greatest common factor of 18 and z.
18
Suppose -3*y - 2*y - 49 = 3*c, 2*y + 2 = c. Let b be c/(-3) + 1/3. Suppose -b*a = a - 108. Calculate the highest common factor of 3 and a.
3
Let u be 0/(2 + 3/(-3)). Let l = u - -11. Let k be (-2 - (-6)/2) + l. Calculate the greatest common divisor of 6 and k.
6
Let w(f) = -f**3 + 2*f**2 + 2*f - 2. Let s be w(-2). Let k(r) = r**3 + 6*r**2 + 5*r + 5. Let g be k(-5). Calculate the highest common factor of g and s.
5
Suppose 2*d + 2*k - 64 = 5*k, 5*d - 150 = 5*k. Calculate the greatest common divisor of 13 and d.
13
Let j be ((-24)/40)/((-1)/30). What is the highest common factor of j and 9?
9
Let c be 3*(-4 + (-26)/(-6))*10. Calculate the greatest common divisor of 4 and c.
2
Let n(d) = -21*d - 1. Let s be n(6). Let c = s + 225. Calculate the highest common factor of c and 14.
14
Let n be 9/((-2 - -6)/8). What is the highest common divisor of n and 18?
18
Suppose 4*o + 76 = 4*w, 3*o - 4 - 2 = 0. Suppose -21 - w = -3*g. Calculate the greatest common divisor of 112 and g.
14
Suppose -2*i + 7*i - 25 = 0. Suppose 2*b - 34 + 2 = 3*s, -i*b + 5*s + 70 = 0. Suppose -38 = -3*v + b. What is the greatest common factor of v and 8?
8
Let m be 88/4 - (0 + -2). Calculate the greatest common factor of m and 36.
12
Let k(z) = z**2 + z + 4. Let t = 7 - 3. Let c be t/(-6) + (-10)/3. Let g be k(c). Calculate the greatest common factor of 128 and g.
16
Let u(z) = -z**2 - 19*z + 40. Let p be u(-19). What is the greatest common factor of 10 and p?
10
Let h = -5 + 2. Let l = 19 - h. Calculate the greatest common divisor of 33 and l.
11
Suppose 9*z - 60 = 291. Calculate the greatest common divisor of z and 156.
39
Let w(i) = -4*i**3 - 2*i - 1. Let p be w(-1). Suppose 291 = p*b - 259. What is the highest common factor of 44 and b?
22
Let f = -113 - -158. Let g(i) = i**2 - 6*i + 3. Let z(j) = -j + 17. Let h be z(8). Let b be g(h). What is the highest common divisor of b and f?
15
Suppose -1 = 2*s + 3, c - 5*s - 60 = 0. Calculate the highest common factor of 10 and c.
10
Let d be 3*(130/3)/5. Calculate the highest common factor of d and 130.
26
Suppose 0*l = 3*l + 2*o - 90, 0 = 5*l + 4*o - 148. Suppose 5*v - 3*f = 32, 0 = 2*v + 2*v + 2*f - 8. Calculate the greatest common divisor of l and v.
4
Suppose 5*j - a = 5, -2*j + a + 2*a = -2. Let w(u) = 144*u**2 + u - 1. Let p be w(j). Calculate the highest common factor of 16 and p.
16
Let q = 23 - -121. Suppose f = -j + 39 + 9, 2*j + q = 3*f. Suppose 0 = n + 5*b - 17, -2*n = 2*b - 6*b - 20. Calculate the greatest common divi